1 + -3 + 8 + -2.
4
Calculate -6 + 17 + -1 - (8 + -3).
5
What is the value of -15 + 13 + 5 + (1 - 2)?
2
What is 6 + (12 + -7 - 9)?
2
Evaluate -9 + -6 + (13 - 1) + 0.
-3
(-3 - -4) + (-1 - -2)
2
What is the value of 6 - 5 - 2 - 2?
-3
What is the value of (-7 - (-7 + 5)) + -1?
-6
Evaluate (-3 - -2 - (-13 + 7)) + -8.
-3
Evaluate -10 + 1 + 21 + -5.
7
Evaluate (4 - (-5 - -9)) + 1.
1
What is the value of (-4 - 0) + 1 - -4?
1
Evaluate 2 - ((4 - (2 - -3)) + -5).
8
Calculate 11 + -2 - 10 - (-1 + 1).
-1
What is the value of (-58 - -52) + (0 + -1 - -1)?
-6
What is 8 + (-4 - (-11 - -7))?
8
What is the value of -1 - 0 - (-4 + 7 - 4)?
0
What is the value of -7 - ((8 - 4) + -8 + 2)?
-5
Calculate 14 + -7 + -16 + 17.
8
Calculate (0 - -3 - 3 - 3) + 2.
-1
Evaluate 3 + -1 + -3 + -3.
-4
Calculate 0 + -7 - (12 - 24).
5
What is the value of -7 + 3 + (-3 - -7)?
0
What is the value of -15 - -10 - (1 - 2 - -2)?
-6
What is (5 - 2) + -2 + 4 + -2?
3
Evaluate 0 + (6 - 9 - 3).
-6
Evaluate 12 + -2 - -1 - (13 + -7).
5
What is 2 + -3 + (-6 - -5)?
-2
Evaluate -1 + -1 + 5 - 1.
2
Calculate -5 + (4 - (-1 - -4)).
-4
2 - -2 - (1 + 4 + -2)
1
0 - (-2 + 4 - (-2 - -6))
2
What is (-5 - -4) + -6 + -4 - -5?
-6
Evaluate (1 + -1 - 0 - 3) + -1.
-4
Evaluate -2 + 5 + 0 + 0.
3
What is the value of 4 + 5 + 1 + -17?
-7
What is (14 - 15 - 2) + (7 - 1)?
3
(-5 + 7 - 1) + 2
3
Calculate -9 + (11 - 2) + 8.
8
What is -17 + 1 + 11 - -13?
8
-14 + 18 - (-1 + 8)
-3
4 + (-7 - (5 - 3))
-5
Calculate (-2 - 1) + (0 - 0) + 9.
6
-3 - ((0 - 0 - 0) + -4)
1
Evaluate 2 - (-2 - -2 - -4 - 6).
4
Calculate 3 - (5 - -3 - 4).
-1
Calculate (-3 - (-1 + -2)) + -1.
-1
What is (4 - (1 + 5)) + 4?
2
Evaluate (2 - 8) + 2 + -3 + 5.
-2
Calculate -98 + 81 + (2 - -10).
-5
Evaluate 5 + 4 + -9 + 3.
3
0 - (0 - (0 + -2)) - -1
-1
(8 - 15 - -7) + (-2 - 6)
-8
(3 - 1) + (8 - (-12 + 14))
8
Calculate (5 - 2) + -48 + 46.
1
11 - ((-5 - -6) + 2 + 1)
7
What is -10 - -4 - -6 - 9?
-9
What is -5 + 1 - (-2 - 1)?
-1
Evaluate 6 + -2 - (1 + 3).
0
What is -10 + (-1 - -20) + -3?
6
What is the value of 1 + 4 + -1 + -5?
-1
1 - -1 - (-3 + 10)
-5
What is -5 - (3 + -10 + 0)?
2
-10 + 11 + (2 - -1)
4
Evaluate -3 + 8 + 2 + (8 - 9).
6
What is the value of 0 - 4 - (-3 + (-1 - -4))?
-4
Evaluate (-2 - -5) + 0 + -2 - -1.
2
Evaluate 1 + -5 + (8 - 2).
2
Evaluate -15 + 0 + 10 - (-7 + 1).
1
Calculate 0 + 6 + -1 + (155 - 158).
2
Calculate 39 - 45 - (-3 - (3 - 4)).
-4
What is the value of (1 - -5) + 15 + -24?
-3
Calculate 94 - 99 - (-10 - -1).
4
What is the value of (6 - 1 - (26 + -23)) + 0?
2
Calculate -18 + 10 + (-1 - -17).
8
What is the value of 1 - (5 - (4 + 2))?
2
Evaluate (-3 - (-2 + -8)) + -12.
-5
Calculate -8 - -8 - (-5 - (-4 - -1)).
2
Calculate -3 + -2 + -7 + 16.
4
Evaluate -2 + (-2 - (-5 + (6 - 3))).
-2
What is (-1 - (3 - 1)) + 3?
0
Evaluate 9 + -16 - (-2 - 3 - 7).
5
What is the value of (7 - 14) + 3 - (0 + 0)?
-4
8 - 10 - (-1 + 3)
-4
Calculate 6 + -11 - (-11 + 3).
3
What is (1 + -9 - (20 + -26)) + 8?
6
What is the value of 5 + 6 + -1 - 18?
-8
Evaluate (-9 - -9 - -12) + -9.
3
What is the value of -3 - (4 + -4 + -1 + -1)?
-1
-2 + 0 + 5 - (-2 - -6)
-1
0 - (-13 - -19) - -16
10
Evaluate 0 - (-3 - (-6 + 8)).
5
Calculate -5 + 8 - (-2 - 1 - -1).
5
What is (2 - -1) + (15 - 7) + -13?
-2
What is 1 + 2 + 5 + -10 + 7?
5
What is 32 - 30 - (-1 + (6 - 1))?
-2
Calculate (-1 - -5) + 0 + -8 + -1.
-5
Evaluate -3 - ((-4 - -1) + 1).
-1
What is -1 - (4 - (-1 + 6))?
0
Calculate 5 + (-5 - 0) - (3 - 1).
-2
Calculate 5 + (-11 - (4 - 11)).
1
What is 7 + 2 + -12 + 9?
6
2 - -13 - (5 + 10 + -9)
9
Evaluate 9 + -2 + -10 + 5 - 3.
-1
-5 + 2 + 1 + 1
-1
What is 2 - (-6 - (-7 + 0))?
1
-2 + -4 - (-34 - -26)
2
(0 - -11 - (4 + 2)) + -12
-7
Evaluate (-5 - -7) + (2 - 4).
0
Evaluate 3 - (2 + -4 - 0 - -3).
2
Calculate 2 + (-3 + -3 - -4).
0
What is -7 + (2 - ((-3 - -2) + -3))?
-1
0 + 0 + 14 - (7 + 0)
7
Evaluate 4 - (-4 - (3 + -8)).
3
What is the value of 14 + -3 + -3 - 2?
6
-4 + (-1 - -3) - (-5 + -2)
5
(0 + 4 - 4) + 6
6
What is the value of -2 + (4 - ((-3 - -3) + -3))?
5
Calculate (253 - 250) + -14 + 1.
-10
What is the value of -6 - (4 + 2 + -12 + 2)?
-2
Evaluate (0 + 1 - 7) + -10 + 11.
-5
What is 2 - ((-2 - (-4 - -2)) + 5)?
-3
What is the value of 5 - (-1 - (-10 - -5))?
1
What is 1 - -9 - -1 - (-86 + 91)?
6
0 + 1 + 11 + -12 - 0
0
Evaluate (29 + -6 - 14) + -12.
-3
Calculate 4 + -3 - 0 - 4.
-3
(2 - 8) + 10 - 5
-1
-11 + (-1 + -4 - (-9 - -1))
-8
-2 + -2 - (1 + -3 - 0)
-2
What is -1 - (-5 - 0 - -4)?
0
Evaluate 6 + -3 - (3 - (-2 + 0)).
-2
What is the value of (1 - (-5 - -6) - -7) + 2?
9
What is -2 - -1 - (1 + 0)?
-2
(-12 - -3) + -1 - -9
-1
Calculate 1 + 4 + (5 - 5) + -6.
-1
Calculate (4 - 4) + -1 + 5.
4
What is the value of -4 + (-6 - (5 + -14))?
-1
What is -4 + -8 - -6 - (0 - 4)?
-2
Evaluate (1 - -2) + 0 - (0 - -5).
-2
Evaluate -3 - -4 - (-9 - -5).
5
What is -16 + 12 + 3 + -3 + -2?
-6
Evaluate -17 + 23 + (0 - (0 - 2)).
8
What is the value of 1 + -6 - (-13 - -14)?
-6
Calculate (-7 - -3) + (9 - -1).
6
What is -5 + 9 + 1 + 4 + -9?
0
What is the value of (2 - 4) + (0 - -4)?
2
What is -11 - ((-13 - -3) + -2)?
1
What is the value of -1 + 12 + (7 - 21)?
-3
What is the value of (12 - -9) + -9 + -21?
-9
Evaluate 6 - (5 - (-5 + 1 + 1)).
-2
What is the value of 7 - ((5 + -2 - 1) + 2)?
3
Calculate 2 + -5 + -3 + 5.
-1
Calculate -2 - (-4 + -1 + -2).
5
Evaluate (-6 - -7) + -5 + 1.
-3
(-17 - -1) + (1 - (3 - 8))
-10
Calculate 5 - (7 + (2 - 7) + 0).
3
What is 2 + -10 - (-16 + 2)?
6
What is the value of -6 + 0 + 13 + (-7 - -3)?
3
What is -4 + -2 + -4 + 15 + -11?
-6
What is 19 + -7 + -16 - 3?
-7
1 + -2 + 1 + -1 + 2
1
Calculate -4 - (-1 + 6 + -11) - -2.
4
Evaluate 2 + -2 - (1 + -1 + 1).
-1
What is the value of -4 + 0 + (0 + -5 - -4)?
-5
Evaluate -1 - -2 - (-163 + 170).
-6
What is -142 - -148 - (6 - -1)?
-1
What is (1 - 1) + (-1 - 2 - 2)?
-5
Calculate (8 + 0 - 5) + 0.
3
-4 - (-4 + 2 - (3 - 10))
-9
-3 + -3 + -1 + 1
-6
What is 0 - (-3 - (4 + -5))?
2
Evaluate -2 + 0 - (-3 - (2 + -8)).
-5
What is 4 - (5 + (-2 - 1) - -3)?
-1
What is the value of -1 - (14 + 5 + -26)?
6
What is the value of (-1 - -3) + 1 + -6?
-3
What is the value of -1 + 5 - (6 + -3 - -4)?
-3
Calculate -1 - 7 - (3 + -7).
-4
What is the value of (-2 - -1) + (-5 - -9) - 5?
-2
What is the value of 8 - (13 + -6 + 0)?
1
Evaluate (13 - 7) + -19 + 6.
-7
Evaluate -2 + (5 - ((7 - 3) + 2)).
-3
Evaluate -6 - ((6 - (7 - -5)) + 5).
-5
3 - (-7 - 4 - -22)
-8
Calculate (63 - 69) + (12 - (1 + -1)).
6
What is the value of -4 - (-1 - (10 + -6 + 0))?
1
What is the value of -3 - -2 - 3 - (-5 - -3)?
-2
Calculate -2 + 5 + -5 + 1 + 2.
1
What is -13 + -3 + 4 + 4?
-8
What is the value of 5 + (9 - 18) + (2 - -3)?
1
-5 + 20 + -9 + -7
-1
What is the value of (6 - -1 - 6) + -1?
0
What is 1 + -3 - (-3 - 6)?
7
Calculate -7 + 0 + 16 - 0 - 1.
8
Evaluate 2 - (6 - 9) - 2.
3
What is the value of (-9 - -11) + -22 + 12?
-8
What is -6 + (-6 + -1 - -12)?
-1
Evaluate 4 + -11 + 2 + 0.
-5
Evaluate -1 + 1 + (-25 - -30) + -2.
3
What is (0 - -1) + -2 + 0 - 4?
-5
What is the value of (-16 - (-13 + 5)) + 12?
4
What is (5 - 3 - 1 - 7) + 5?
-1
Calculate (-21 - 0) + -4 + 16.
-9
What is the value of -3 - (0 + 1 + -6)?
2
Evaluate 5 + -1 + -2 + 2 + -1.
3
Evaluate -10 + 14 - (-2 - 1).
7
(2 - 0) + -10 - -10
2
Evaluate -2 + 3 + -1 - 1.
-1
Calculate -2 - -1 - (-4 - 2).
5
What is the value of 6 - (7 + 1 + (-3 - -6))?
-5
-4 + (8 + -14 - -8)
-2
Evaluate -2 + (1 - 1) + 3 + 1.
2
Calculate -15 + 16 - (-1 - 0).
2
Calculate -4 + 0 + -4 - (-6 - -3).
-5
What is 0 + 0 + 0 - (-4 - -5)?
-1
Evaluate -5 + 3 + -1 - -3.
0
9 + 2 + 2 + -8
5
Evaluate 1 + 0 - (10 - 14).
5
0 + (3 - 5) + 2
0
-2 + 3 + 4 + -7
-2
What is 12 + (-14 - -1) + 0?
-1
Evaluate (7 - 13) + (-2 - -4).
-4
1 + (2 - (2 - 1))
2
What is -2 + 1 - (-5 - (2 - 6))?
0
Calculate -5 - ((-6 - (3 + -4)) + -7).
7
Evaluate 4 - ((1 - 0) + 5).
-2
What is the value of 0 + (3 + -1 - 0) + 3?
5
What is the value of 6 + 2 - 3 - (-4 - -5)?
4
What is 3 - (-4 + -4) - 7?
4
-4 - -1 - (-2 - (4 - 1))
2
3 + -4 + (2 - -2) + -5
-2
What is -6 + -7 + 15 - 7?
-5
Calculate -5 + -3 + 3 + 3.
-2
What is (-10 - -11 - (-1 - 2)) + -3?
1
What is -2 - (0 - (0 - 2 - -8))?
4
(-3 + (3 - 4) - 4) + 8
0
What is the value of (-2 - -5) + -4 + 5?
4
Evaluate -11 - (-4 - 6) - 5.
-6
What is the value of (1 - (0 - -5)) + (1 - -1)?
-2
What i